f 8179456 and 176?
16
Calculate the greatest common divisor of 3728 and 1978384.
16
What is the highest common divisor of 98 and 1721885284?
98
What is the greatest common factor of 35742700 and 15050?
350
Calculate the greatest common factor of 20703632 and 44.
4
What is the highest common divisor of 475 and 23220950?
25
Calculate the highest common factor of 66346 and 886214.
98
What is the greatest common divisor of 521 and 70559551?
521
Calculate the greatest common factor of 1776939 and 122754.
1497
Calculate the greatest common factor of 347383377 and 5445.
1089
What is the highest common factor of 47606 and 23956804?
3662
What is the highest common factor of 5293080 and 123201?
4563
What is the highest common divisor of 136646471 and 338?
169
What is the highest common factor of 1981304 and 97864?
104
What is the highest common divisor of 7936622 and 46982?
278
What is the highest common factor of 11683 and 6657641?
1669
What is the greatest common divisor of 381679 and 38772540?
3779
Calculate the greatest common factor of 57 and 17313313.
19
What is the greatest common divisor of 872304 and 15504?
816
Calculate the highest common factor of 2090 and 45505.
95
What is the highest common divisor of 978426 and 918?
54
What is the greatest common divisor of 3294 and 5807444?
122
Calculate the highest common factor of 5936829 and 204608.
3197
Calculate the highest common factor of 139120 and 1830760.
1480
What is the greatest common factor of 45849106 and 1?
1
What is the greatest common divisor of 99042 and 109446?
102
Calculate the highest common factor of 72 and 3190419.
9
Calculate the highest common divisor of 108010 and 2695.
35
What is the greatest common factor of 96845 and 1823453?
2767
What is the greatest common factor of 167462 and 28897?
37
What is the highest common factor of 60141930 and 60?
30
Calculate the highest common divisor of 30734 and 2108062.
242
What is the greatest common factor of 103937 and 7?
1
What is the highest common divisor of 3418595 and 35?
5
What is the highest common divisor of 14 and 24435936?
14
What is the greatest common divisor of 448491 and 36?
3
What is the greatest common factor of 13472 and 753824?
32
Calculate the greatest common factor of 76162 and 2645450.
674
Calculate the highest common factor of 1780 and 2719320.
20
Calculate the highest common factor of 299 and 87646491.
23
Calculate the greatest common factor of 91 and 15969681.
91
Calculate the highest common divisor of 342435450 and 3150.
1050
Calculate the greatest common divisor of 21348 and 54984739.
593
Calculate the greatest common divisor of 219474 and 414.
18
Calculate the greatest common factor of 201070602 and 36.
18
What is the greatest common divisor of 775796 and 35777?
1883
Calculate the highest common factor of 11758720 and 1292.
76
Calculate the highest common factor of 1360 and 328027580.
340
What is the highest common divisor of 963772 and 508?
4
Calculate the greatest common divisor of 12796 and 329.
7
What is the greatest common divisor of 546 and 20067918?
78
Calculate the highest common factor of 121 and 52903741.
121
What is the greatest common factor of 240 and 4591872?
48
What is the greatest common divisor of 176800 and 3913400?
3400
What is the highest common divisor of 2155140 and 158105?
1535
Calculate the highest common factor of 68 and 8527931.
17
What is the highest common factor of 4277 and 132717?
13
What is the highest common factor of 708560 and 17272?
136
Calculate the highest common divisor of 2784176 and 20720.
592
What is the highest common divisor of 66 and 3763166?
22
What is the greatest common divisor of 5250 and 12592500?
750
Calculate the highest common factor of 1214813 and 8533.
53
What is the greatest common factor of 213714 and 23932?
62
What is the highest common divisor of 12125004 and 4272?
1068
Calculate the highest common divisor of 54090 and 364882125.
9015
Calculate the greatest common factor of 3099 and 36816120.
3099
What is the highest common divisor of 9304686 and 1998?
1998
What is the greatest common divisor of 18 and 1381614?
6
What is the greatest common factor of 365902 and 47918?
38
Calculate the highest common divisor of 37325 and 4540213.
1493
What is the greatest common divisor of 2930031 and 366769?
4121
Calculate the greatest common factor of 81 and 32832432.
27
What is the highest common factor of 2176 and 6894656?
1088
Calculate the highest common divisor of 833 and 613105.
17
Calculate the highest common divisor of 60278899 and 305181.
11303
Calculate the greatest common factor of 737103 and 3201.
291
What is the highest common divisor of 4380 and 467928?
12
What is the greatest common factor of 21146206 and 1274794?
6406
What is the greatest common factor of 644 and 34018012?
644
Calculate the highest common factor of 13478 and 4768774.
46
Calculate the highest common divisor of 9376 and 4915954.
586
What is the highest common divisor of 525 and 12065325?
75
What is the greatest common divisor of 34719048 and 6174?
882
What is the highest common factor of 4855224 and 118327?
3817
Calculate the highest common factor of 5571646 and 1844.
922
What is the greatest common divisor of 106123816 and 304?
152
Calculate the greatest common factor of 4151070 and 3080.
770
What is the greatest common divisor of 1059119154 and 4772?
2386
What is the greatest common factor of 10013535 and 16185?
1245
What is the greatest common factor of 9280692 and 252?
36
Calculate the greatest common factor of 144 and 1184472.
72
Calculate the greatest common factor of 5217 and 239760.
111
Calculate the greatest common factor of 22755111 and 111.
111
What is the greatest common divisor of 408877409 and 145?
29
Calculate the highest common factor of 62688944 and 527.
31
What is the greatest common divisor of 1105368 and 8976?
264
Calculate the greatest common divisor of 17535 and 125076.
21
Calculate the highest common divisor of 11968 and 998393.
187
Calculate the highest common factor of 21318528 and 294.
294
Calculate the greatest common divisor of 3588312 and 2856.
168
Calculate the highest common factor of 1757 and 16668157.
251
Calculate the greatest common divisor of 296856 and 21462168.
5208
What is the highest common divisor of 80 and 1137890?
10
Calculate the greatest common divisor of 28 and 92227244.
4
What is the highest common divisor of 115770960 and 920?
920
What is the highest common factor of 9290976 and 9?
3
Calculate the highest common divisor of 52512 and 28532067.
1641
What is the highest common factor of 897416564 and 2332?
2332
What is the greatest common divisor of 856345 and 945?
35
What is the highest common divisor of 41573342 and 130329?
1609
Calculate the highest common factor of 3652195 and 935.
85
Calculate the highest common divisor of 14820 and 324.
12
What is the highest common divisor of 15684097 and 1001?
143
What is the greatest common factor of 16497 and 6739659?
1269
What is the highest common factor of 2294636 and 2667?
127
What is the greatest common divisor of 5097351 and 168?
21
Calculate the highest common divisor of 1842 and 1716130.
614
What is the highest common divisor of 7626967 and 949?
73
Calculate the greatest common factor of 8395464 and 7260.
1452
Calculate the highest common factor of 18432 and 202407936.
6144
What is the greatest common factor of 400 and 42072160?
80
What is the highest common divisor of 3513258 and 126?
126
Calculate the greatest common factor of 637411 and 4343.
101
What is the highest common factor of 765 and 52253325?
765
Calculate the highest common divisor of 2300 and 23912755.
115
Calculate the greatest common factor of 5000 and 585635.
5
Calculate the highest common factor of 20 and 924813610.
10
What is the greatest common factor of 2595025101 and 474?
237
Calculate the greatest common divisor of 1898798 and 4862.
374
Calculate the highest common divisor of 13623867 and 2655.
531
Calculate the highest common factor of 2268 and 1047648.
84
What is the greatest common divisor of 5784 and 6555441?
723
What is the highest common factor of 10136 and 596103952?
1448
What is the highest common divisor of 10545131 and 488?
61
What is the highest common divisor of 46489349 and 870?
29
Calculate the greatest com